) + 2*w(b). Calculate z(6).
-25
Let i be (4 + 2)/(3*1/9). Suppose i = -h + 4*j, 4*h = 18*j - 13*j - 39. Let p(z) = z**2 + 2*z - 5. Give p(h).
19
Let f(m) = -2*m**3 - 14*m**2 - 30*m - 34. Let n be f(-4). Let s(r) = r**2 + 9*r - 17. Give s(n).
-7
Let a(f) = 11*f - 27. Let h be (-7)/(-3)*(-45)/(-35). What is a(h)?
6
Let v(r) = -r**2 + r + 6. Let o = 190 + -185. Suppose 6*q = 3*q - o*q. Determine v(q).
6
Let g(u) = -4*u**2 - 2*u + 1. Suppose 0*j = -2*j - j. Suppose j*x + 30 = 5*x. Let a be 2*(-4 - (-27)/x). Calculate g(a).
-5
Let a(y) = 2*y**2 - 2. Suppose 3 = -3*h + 9. Let p be a(h). Let k(q) = 5605 + 2*q + 5426 - 11040. What is k(p)?
3
Let i(s) = -s**3 - 6*s**2 + 3. Let l be (-4 - -14)*((-5)/(-25))/((-4)/12). Calculate i(l).
3
Suppose -412*o + 414*o = -3*y + 22, -2*o + 4*y = 34. Let k(v) = -17*v**3 - 1 - 18*v**3 - 2*v + v**3 + 0*v**3. Determine k(o).
35
Let l(x) = 2*x - 1. Suppose -1322 = -4*d + 2*y, 2*d + 0*y - 2*y = 658. Let t = d + -335. Determine l(t).
-7
Let l(r) = 75*r**3 - 20*r**2 - 7*r - 32. Let h(n) = -2*n**3 + 2*n**2 + n + 3. Let w(y) = -10*h(y) - l(y). Determine w(1).
-56
Let a be 52 - 51 - (0 - 1). Let k(b) = -171*b**2 + 26 + 2*b - 170*b**2 + 329*b**a - b**3. What is k(-12)?
2
Let h(g) be the second derivative of -g**4/12 + 10*g**3 + 3*g**2/2 - 9815*g. Determine h(60).
3
Let c = 174 - 172. Let o(w) = 5*w**2 + 11*w**2 - 13*w**c + 9 + w - 11. Calculate o(-2).
8
Let g(a) = -a - 7. Suppose 0 = 5*l + 4*n + 3 - 15, 3*n + 6 = 0. Suppose -4 = -l*d, i + 8 = -d - 3*d. Let w be g(i). Let h(k) = -k**2 + 5*k + 6. Give h(w).
6
Let v(n) = n**3 - 7*n**2 - 4*n + 28. Let a be v(8). Let k be (a/(-12))/(10/(-4)). Let y(c) = -18*c + 2. What is y(k)?
-34
Let w(l) = -3*l**2 - 6*l - 16. Let v(i) = 31*i**2 + 94*i - 2. Let n be v(-3). Give w(n).
-61
Let w = -6756 + 6762. Let n(i) = 3*i**2 - 4*i + 12. Give n(w).
96
Let h(x) = -x**3 + 7326*x - 14655*x + 6 - 9*x**2 + 7319*x. Calculate h(-7).
-22
Let l(r) be the second derivative of r**4/12 + r**3 - 55*r**2/2 - 1627*r. Determine l(5).
0
Let w(g) = 10*g + 1. Let a be -4*69/(-15)*(-85)/(-34). Suppose -45 = -p - a. What is w(p)?
-9
Suppose -4*y + 44 = -2*x, -20*y + x = -17*y - 34. Let h(s) = 26*s - 319. Determine h(y).
-7
Let n(w) = -w**2 - 7*w - 1. Suppose -3*t = b - 13, 0 = 3*t + 2*b - 22 + 5. Suppose -k - t*k = 2*p + 46, 4*k + 16 = 4*p. Give n(k).
-19
Let g = -14 - -8. Suppose -37*s = -26*s - 33. Let d(v) = -2*v - 711 - v**2 + 708 - s*v. Give d(g).
-9
Let c(h) be the second derivative of -h**5/20 - 5*h**4/12 - 2*h**3/3 - h**2 + 7*h - 5. Let r(n) = n**2 + 8*n - 2. Let s be r(-8). Give c(s).
-6
Let y(x) be the first derivative of x**4/12 + 3*x**3/2 + 3*x**2 - 21*x + 30. Let s(z) be the first derivative of y(z). Give s(-6).
-12
Let p(g) = 31*g + 7. Let z be p(-2). Let a = z + 58. Let h(r) = 3*r + a - 2 - 2*r + 7. Calculate h(-7).
1
Let s(d) be the first derivative of d**4/4 - 2*d**3/3 - 3*d**2 - 7*d + 1090. What is s(-2)?
-11
Let o(d) be the first derivative of 2*d**3 + 7*d**2/2 - 5*d - 6482. Calculate o(1).
8
Suppose -10 = -14*n + 12*n. Let g(a) = -10*a**2 + 3*a**2 - 8 + 402*a**3 - 403*a**3 + n*a. What is g(-8)?
16
Let q(h) be the first derivative of -h**2/2 - 2*h + 3543. Give q(12).
-14
Let q(n) = 18*n + 1. Let h = 417 + -397. Suppose -28*v + h*v = 8. What is q(v)?
-17
Let d(k) = -127*k + 47*k - 2 - 5 + 63*k. What is d(4)?
-75
Let s(i) = -10*i**2 - 55*i - 23. Let k(l) = -8*l**2 - 45*l - 23. Let g(p) = 6*k(p) - 5*s(p). Give g(-8).
65
Let o(k) = 69*k - 1. Let d be o(2). Let r = d - 129. Let s(g) = -g**3 + 8*g**2 + 10. Give s(r).
10
Let g = -702 + 701. Let l(o) be the third derivative of 0*o + 1/6*o**3 - 5*o**2 - 11/120*o**6 + 1/60*o**5 + 0 + 1/12*o**4. Calculate l(g).
11
Let p(c) = -120*c - 20. Let a(z) = 10*z + 2. Let x(v) = 35*a(v) + 3*p(v). Determine x(4).
-30
Let h(s) = 31*s. Let c = 138 + -128. Let u be 2 + (114/95)/((-4)/c). Calculate h(u).
-31
Let d(c) be the second derivative of -1/2*c**2 + 64*c + 1/6*c**3 - 3/4*c**4 + 0. What is d(1)?
-9
Let p(o) = -9 + 51*o**2 - 13 + 52*o**2 - 2*o + 13*o - 104*o**2. Calculate p(12).
-34
Suppose -4*g = -a - 57, 51 = 3*g + 26*a - 24*a. Let n(b) = -b**2 + 15*b - 1. Determine n(g).
-1
Let t(s) be the third derivative of s**4/24 + 5*s**3/6 + 2*s**2. Let o = -561 + 394. Let g = o + 158. Determine t(g).
-4
Let h be -1*3/(-6)*0. Suppose -4*s = -4, 0*c - 2*c - 2*s - 6 = h. Let v(r) be the third derivative of -r**4/24 - r**3/3 - 2*r**2 + 10. Calculate v(c).
2
Let d(f) = f**2 + 9*f + 14. Let r(t) be the second derivative of t**4/12 + t**3/2 - 25*t**2/2 + 185*t. Let m be r(-6). What is d(m)?
0
Let l(v) = -v**3 - 19*v**2 - 9. Let h(j) = 21*j + 0*j**2 - 9*j + 6*j + 1 - 2*j**2. Let x be h(10). What is l(x)?
-9
Let q(s) = -s + 2. Let c = -11 + 14. Suppose 5*n - 2*n + 198 = c*o, 3*n - 2*o = -194. Let j = -69 - n. Give q(j).
9
Let b(q) be the third derivative of q**5/30 - q**4/12 - q**3/6 - 4*q**2. Suppose 8 = -t - 1. Let u be (-3)/t + 12/(-9). Determine b(u).
3
Let q be (-6)/(-11) - (-5994)/5346. Let k(z) be the second derivative of 7/12*z**4 + q*z**3 + 0 - 6*z**2 - 7*z - 1/20*z**5. What is k(8)?
4
Let b(g) = g**3 - 40*g - 3. Let c(z) = -z**3 + 5*z**2 - 107*z + 406. Let q be c(4). Calculate b(q).
21
Let i(r) = -4*r. Let a(y) = 7*y. Let s(t) = 3*a(t) + 5*i(t). Let b be (-44 - -1)*(0/1 - 2). Let c = b - 89. Determine s(c).
-3
Let t = -713 + 716. Let b(j) = 10*j - 15. Let w(p) = 13*p - 16. Let v(y) = t*w(y) - 4*b(y). Calculate v(7).
5
Suppose -22*p + 18*p - 344 = 0. Let t = -79 - p. Suppose 4 = -5*y - 2*d + t, 2*d + 2 = 0. Let i(c) = 2*c. Calculate i(y).
2
Let n(z) be the first derivative of -4*z**2 - 4*z - 5401. Suppose 12 = 3*u + u. Calculate n(u).
-28
Suppose 3*m - 4*m = 4*m. Suppose 12 = -m*o + 4*o. Let p(k) = -12 + 11*k + 3*k + 9*k**2 - k**o - 2*k. Give p(10).
8
Let v(f) = f**3 + 8*f**2 - 7*f - 4. Suppose 22 = -4*k - y, 8*y = 17*k + 12*y + 95. Give v(k).
94
Let r be -26*-93*1/6. Suppose -14 = -410*p + r*p. Let i(m) = -m**3 + m**2 + 2*m + 1. Give i(p).
1
Suppose 2*a - l + 0*l - 6 = 0, 9 = 3*a - l. Let w(i) be the second derivative of -i**5/20 + i**4/4 + i**3/3 + 2*i**2 - 13*i - 1. Calculate w(a).
10
Let u(x) be the first derivative of 289 - 3/2*x**2 - 14*x. Determine u(-7).
7
Let q(s) = s**3 - 9*s**2 - 6*s - 59. Suppose 0 = -4*n + 8*a + 32, n = a + 3 + 6. Calculate q(n).
-19
Let m = 712 - 718. Let f = 5 + -1. Let k(b) = 5*b**2 - f*b**2 + 6*b**2 + 3*b - 4 + b**3 + b. Determine k(m).
8
Let k(p) be the third derivative of -p**6/120 - p**5/20 + p**4/8 + 7*p**3/6 + 1388*p**2. Determine k(-4).
11
Let f(q) be the second derivative of -q**5/20 + q**4 + 5*q**3/2 - 4*q**2 + 2*q. Let r = -5665 + 5678. What is f(r)?
18
Let w = 13 + -4. Let t be 8/(-36) - 9/(324/(-80)). Let y(d) = -7 - 4*d + 4*d**2 + w*d + 2*d - 5*d**t. Give y(6).
-1
Let l(p) = -12*p**3 + 6*p + 2. Let d(j) = 11*j**3 - 4*j - 1. Let v = 329 - 332. Let a(o) = v*d(o) - 2*l(o). Let k be 6/(-33) + (-9)/11. Give a(k).
8
Suppose -49*k = 3*k - 1144. Suppose -8*o - 6 = -k. Let h(z) = z**3 - 2*z**2 + z. What is h(o)?
2
Let y(g) be the second derivative of -g**3/6 - g**2 - 74*g + 16. Let d be 4/3*18/4. Give y(d).
-8
Let j(f) = -3*f + 2. Let w(y) = -89*y + 80*y + 47 - 82 - 46*y - 71. Let q be w(-2). What is j(q)?
-10
Let z = -10 - -12. Let b(o) = 3*o**2 + 10 + 2*o**3 - 4 - 8 + z*o. Suppose -29*y - 2 = -28*y. Determine b(y).
-10
Let b(t) = -t**2 + 21*t + 16. Suppose -129*j = 449*j - 92*j - 10206. Calculate b(j).
16
Suppose 23 = 4*r - 3*d, -2*r - 5 = -d - 14. Suppose -8*g + 40 = r*g. Let s(o) = 3*o - 4. Give s(g).
8
Let w(a) = -a + 29. Let p(x) = -2*x + 36. Let g(f) = 2*p(f) - 3*w(f). Calculate g(-14).
-1
Suppose 15 + 6 = 5*z - 3*t, -4*z + 8 = 2*t. Suppose 7 = -z*h + 10. Let n(p) = -3*p**3 - 1. Give n(h).
-4
Let q(w) = w**3 - 8*w**2 - 5*w - 14. Let t be q(8). Let o = t - -59. Let k(s) = -o*s - 2 + 0 + 2*s + 0 - s**2. What is k(-2)?
0
Let d(n) be the second derivative of -5*n**3/6 + 150*n**2 + 4459*n. Give d(57).
15
Let l(u) be the first derivative of u**2/2 + 28*u + 729. What is l(-15)?
13
Let t(d) = -31*d**3 - 4*d**2 + 80*d + 148. Let y(k) = -55*k**3 - 7*k**2 + 140*k + 259. Let r(v) = -16*t(v) + 9*y(v). Give r(-4).
-5
Let n(h) = -329117*h + 3*h**2 - 4 + 2 + 329111*h - h**3 - 5*h**2. Calculate n(0).
-2
Let l(g) = -11*g**2 - g - 2. Let q(o) = o*